/(-6)). Suppose -u = -5*c + 2*z - 2, 0 = -c + 5*z + 24. What is the units digit of c?
4
Suppose 40 = -4*m + 7*m + 4*y, 0 = -4*m - 5*y + 52. Suppose 7*h = m*h - 30. What is the tens digit of h?
3
What is the tens digit of 11/((-44)/32)*-13?
0
Let p = 103 + -53. What is the tens digit of p?
5
Suppose -3*v + 3*k - 3 = 0, 3*v - k + 9 = 4*k. Let b be 2*(v - 1/1). Suppose -b*l + 0*l = 4*y - 14, 3*l = 4*y + 1. What is the units digit of y?
2
Let b(k) be the second derivative of -k**3/3 - k. What is the units digit of b(-4)?
8
Let i = -83 - -132. What is the tens digit of i?
4
Let q = 7 - 7. Let u = q - -4. What is the units digit of u?
4
Let v(b) = 1 + 1 + 0*b + 4*b - 3*b. What is the units digit of v(7)?
9
Let r(j) = -j**2 + 6*j - 1. Let w be r(7). Let b(a) = a + 9. What is the units digit of b(w)?
1
Let j = -40 - -21. Let f = 45 + j. Suppose 0*v + 2*v = f. What is the tens digit of v?
1
Suppose -4*k + g + 124 = -0*k, 0 = -g - 4. What is the units digit of 12/k - (-43)/5?
9
Let v = -6 + 2. Let d be (v/(-6))/((-4)/(-18)). Let c = 5 - d. What is the units digit of c?
2
Let v = 48 + -15. What is the tens digit of v?
3
Let d(s) = -s**2 - s + 1. Let y(m) = -m**2. Let t(k) = -5*d(k) + 4*y(k). Let o(l) = l**2 + 5*l - 3. Let z be o(-4). What is the units digit of t(z)?
9
Let q(b) = -b**2 + 2*b + 1. Suppose 5*l + 6 = -9. Let o be q(l). Let z = -8 - o. What is the units digit of z?
6
Suppose -2*n - 3*n + 240 = -4*j, 3*j = 0. What is the tens digit of n?
4
What is the tens digit of 3 + 2 + -3 + 85?
8
Let b = -2 + 14. What is the units digit of b?
2
Let w = -149 + 238. What is the units digit of w?
9
Let d = 638 - 449. What is the tens digit of d?
8
Let b be 15/5 + 4/1. Let i = -1 + b. Suppose 5*p - 29 - i = 0. What is the units digit of p?
7
Suppose -2*r - x - 34 = -3*x, 2*r + 41 = -5*x. Let j = 36 + r. Suppose -w - j = -4*m + 14, -24 = -3*m + 4*w. What is the units digit of m?
8
What is the units digit of (46/(-8) - -4)*-8?
4
Suppose 2*c + c + 4*u - 130 = 0, -5*c + 213 = 3*u. What is the tens digit of c?
4
Let h be (4/5)/(2/(-365)). Let r = -100 - h. What is the tens digit of r?
4
Let f(w) be the first derivative of 1/2*w**2 + 1 + 7*w. What is the units digit of f(0)?
7
Suppose 60 = -5*f - 0. What is the units digit of f/(-84) - (-34)/7?
5
Suppose -3*y - 8 = 16. What is the units digit of (-22)/y - 6/(-24)?
3
Suppose 0 = 3*k + 8 + 13. Let u(z) = -z**3 - 7*z**2 - 4*z + 1. What is the units digit of u(k)?
9
Suppose -2*r + 3*r + 8 = 3*w, -3*r + 2*w - 3 = 0. What is the units digit of 2 + r + 13 + -3?
3
Let t(i) = i**3 - i**2 - i + 17. Suppose -z + 6*z = 0. What is the units digit of t(z)?
7
Suppose 112 = 3*s + r, -2*s = s - 2*r - 127. What is the units digit of s?
9
Suppose 0 = 2*a - 138 - 72. What is the tens digit of a?
0
Suppose -16 = -5*j + 19. Suppose 146 = 5*a + 3*l, j - 53 = -2*a + 5*l. What is the units digit of a?
8
Let t(n) be the second derivative of n**7/1260 - n**6/240 - n**5/30 + n**4/12 - 4*n. Let l(k) be the third derivative of t(k). What is the units digit of l(4)?
6
Suppose p + p = -4. Let o(l) = -2*l - 2. Let k be o(p). Let q(y) = 2*y**2 - 2*y - 2. What is the units digit of q(k)?
2
Let c be (2/3)/((-4)/(-6)). Let y = 5 - c. What is the units digit of y?
4
Let c be 362/9 + 4/(-18). Let s be (0 + -3)/(15/c). What is the units digit of 0 - ((-2)/(-2) + s)?
7
Let u be (1/(-3))/((-3)/(-9)). Let y = -16 - -22. What is the tens digit of 2/(y/45) + u?
1
Suppose 2*l = 3*l - 6. Suppose 4*y - 21 = -x, l*x + 21 = 2*x + 5*y. Suppose -x = -q + a - 2, 0 = -4*q - 3*a + 10. What is the units digit of q?
1
Suppose 4*t = -m - 39, 8*t + 3*m = 3*t - 47. Let h = -6 - t. Suppose -3*k - 23 = -h*w + 8, 3*w = -5*k + 16. What is the units digit of w?
7
Let j(b) = b - 13. Let u be j(9). Let t = u + 8. What is the units digit of t?
4
Suppose -2*m + 4*m - 240 = 0. Suppose m - 312 = -3*l. Suppose 4*f + 0*c - 4*c = l, -29 = -2*f - c. What is the tens digit of f?
1
What is the tens digit of 2 + (-2 - -11) + -1?
1
Let f(w) = 19*w + 11. What is the units digit of f(4)?
7
What is the units digit of 1 + -1 + 10 + -8?
2
Suppose 2*a + 24 = 98. Let j = -12 + a. What is the tens digit of j?
2
What is the tens digit of (5 + -15)*51/(-5)?
0
Let a = 16 + 55. What is the units digit of a?
1
Let l be (-17)/(-5) + (-8)/20. Suppose 5 = z - l. What is the units digit of z?
8
Let t be (-1 - 1)/(4 + -3). What is the units digit of (0 - -8)*(-3)/t?
2
Let z be (-2)/(-3) + (-302)/(-6). Suppose 2*o - 4*d - 1 = -3, 5*o = -4*d + z. What is the units digit of o?
7
Suppose -3*j + 2*l + 5 = 0, 11 = 5*j - l - 9. What is the units digit of j?
5
Let q = 357 - 252. Suppose 6*w = w + q. What is the tens digit of w?
2
Let f(n) = 7*n**2 + 3*n - 4. What is the tens digit of f(5)?
8
Suppose u - 5*k - 83 = 0, -k - k - 6 = 0. Suppose -4*b + u = 4*x, 2*x + 14 = -0*b + 2*b. What is the units digit of b?
2
Suppose -4*j - 2 = 2. Let g = 13 + j. What is the tens digit of g?
1
Suppose 4*v + 5*n + 33 = 0, 2*v + 0*v = -5*n - 9. What is the units digit of (-50)/(-3) - 4/v?
7
Suppose r - 3 = -u, -3*r - 3*u = r - 15. Let f(m) = -m**2 + 10*m - 8. What is the tens digit of f(r)?
1
Suppose -11 + 19 = -4*b. Let x = b - -23. What is the units digit of x?
1
Let k(p) = 2*p**2 - 2*p - 1. Let a be k(-1). Suppose -2*o + 6 = a*c - 0, -5*c + 3*o + 10 = 0. Suppose 0 = c*q - 3*q + 5. What is the units digit of q?
5
Let r = -14 + 12. What is the tens digit of (-44)/r + 0/(-1)?
2
Let b(n) = n**3 + 3*n**2 - 1. Suppose p + 13 = -3*w, 4*p + 0 = -2*w - 2. Suppose -p = 5*o + 8. What is the units digit of b(o)?
3
Let b(x) be the third derivative of -x**5/60 + x**4/3 + 5*x**3/6 + 3*x**2. Let v be b(6). Let i = -6 + v. What is the units digit of i?
1
Let c(l) = 2*l**2 + 2*l - 1. Let o be -4 + (-4)/(2*-1). What is the units digit of c(o)?
3
Let k = -12 + 19. What is the units digit of k?
7
Suppose -4*g = i - 441, 5*g = i + 3*i + 546. What is the hundreds digit of g?
1
What is the units digit of (-9)/(54/(-260))*3?
0
Let b(u) = u**2 + u. Let q be b(1). Let n be 9/q - 7/14. Suppose 11 - 47 = -n*g. What is the units digit of g?
9
Let k(x) = -18*x**3 + 3*x**2 + 4*x + 6. What is the tens digit of k(-2)?
5
What is the hundreds digit of (26 - 30)*(1 + 135/(-4))?
1
Let l = -253 + 134. What is the units digit of l/(-14) + (-1)/(-2)?
9
Let p = -6 + 6. What is the tens digit of p - 0 - 4*-3?
1
Suppose -7*p + 301 = -301. What is the units digit of p?
6
Suppose 4*a - 16 = 4*f, 5*a - 18 = 3*f - 0*a. Let z = 5 + f. What is the units digit of z?
4
Suppose 4*j - 16 = 0, 3*d + 4*j - 20 = -d. Suppose -d = -5*u + 4. What is the units digit of u?
1
Let j be (-3)/3*2 - -9. Let a = j - 7. Suppose -3*z = -15 - a. What is the units digit of z?
5
Let r = 273 - 170. What is the units digit of r?
3
Suppose 1 = -x - 1. What is the units digit of 3/x*2*-1?
3
Let d be (-50)/(-18) + 2/9. Suppose 0 = -4*k + d*x + 51, 2*k - 2*x - 55 = -3*k. What is the units digit of k?
9
Let t be (-1)/2*24/2. Let m = 9 + t. Suppose -j + m = -0. What is the units digit of j?
3
Suppose d + 2*d + 2*h = 13, d + 13 = -5*h. Let l be d - (-2 - -1)*-2. Suppose 45 = l*o - 0*o. What is the units digit of o?
9
Let d(j) = -j**3 - 5*j**2 + 6*j + 8. Let q be d(-6). Suppose -4*a - 8 = -h - 2*a, 5*h + a = 62. Let c = h - q. What is the units digit of c?
4
Let v = 6 + -4. Let a be 1*(-1 + v) - -2. What is the units digit of 1/(a*(-1)/(-30))?
0
Suppose 3*c - 2*i - 404 = 133, 5*i - 895 = -5*c. What is the hundreds digit of c?
1
Suppose -2*b + 4 + 14 = 0. Let d = -12 + b. What is the units digit of (-2)/6*d*7?
7
Let t(b) = 27*b**2 + b - 1. What is the hundreds digit of t(2)?
1
Suppose 0 = 3*q + 12, 5*w + 3*q - 7*q = 591. What is the units digit of w?
5
Suppose -3*y = -93 - 84. What is the units digit of y?
9
Let d = 34 + 28. What is the tens digit of d?
6
What is the tens digit of (-1*(-70 - 3) - -1)/2?
3
Suppose -4*b + 2*n + 187 + 37 = 0, 4*b + 5*n = 252. What is the units digit of b?
8
Let m = -53 - -82. What is the units digit of m?
9
Let f = 14 - 10. Suppose f*d - 79 = -3*y, -3*d + 2 = 8. What is the units digit of y?
9
Let r = -15 + 27. Suppose t - r = 8. Suppose 3*s = -t + 50. What is the units digit of s?
0
Suppose -3*f - 2*f = -20. Suppose 2*h - 138 = -f*b, h = 3*b + 5*h - 91. What is the tens digit of 